 = g - 2. Give w(f).
6
Let i(g) = -2*g + 1. Let b = -26 + 32. Determine i(b).
-11
Let u(q) = -q. Let h = 16 - 20. Let l be 4*1/4*-5. Let r(o) = o + 1. Let p(s) = h*u(s) + l*r(s). What is p(4)?
-9
Let n(f) = 2*f**2. Let a(t) = 2*t + 3*t - 7*t + t - 5. Let g be a(-4). What is n(g)?
2
Let j(q) = 0*q + 0 - q + 1. Let i be 88/(-55) - (-4)/(-10). Calculate j(i).
3
Let v(m) = -m + 2. Let r be v(5). Let x = -4 - r. Let y(g) = -g + 1. Determine y(x).
2
Suppose 0*j + 3*j = 24. Let p be (j/14)/(6/21). Let v(l) = 3*l - 1 + 2 + 0*l**2 - l**p - 2*l. Calculate v(0).
1
Let i(g) be the first derivative of g**4/4 + 2*g**3/3 - 2*g**2 - 3. Calculate i(-3).
3
Let i(m) = -2 - 3 - m - 1 + 9. Suppose 4*u - 2*s = -u + 53, 0 = 2*u + 2*s - 10. Suppose 0 = -2*w - w - u. Calculate i(w).
6
Let f = 13 - 11. Let d(u) be the third derivative of 0 + 0*u + 1/120*u**6 - 2*u**f + 1/4*u**4 + 1/10*u**5 + 1/6*u**3. Give d(-5).
-4
Let y(i) = i**2 + i + 1. Let s(g) = -4*g**2 + g - 9. Let r(a) = -s(a) - 5*y(a). What is r(-7)?
-3
Suppose 30 = -4*g - g. Let w be 4/(-6) - 10/g. Let n(h) = h**2 - 1 + 5*h**2 + 27*h - 26*h. Determine n(w).
6
Let b(r) = 4*r**2 - 4*r + 3. Let m(z) = -7*z**2 + 9*z - 6. Let s(q) = 5*b(q) + 3*m(q). Calculate s(7).
-3
Let q(j) = -j**2 - 6*j - 5. Let l(y) = 5*y + 15. Let i be l(-4). Give q(i).
0
Suppose f = 5 + 2. Let r = f + -6. Suppose -t + 2 = -r. Let x(p) = p**3 - 4*p**2 + 2*p + 2. Determine x(t).
-1
Let y(j) = 6*j**2 + 6*j - 1 - 5*j + 0 + 2. What is y(-1)?
6
Let z(u) = -u**2 - 4*u + 1. Suppose -6*a - 16 = -2*a. Let g be z(a). Let d(v) = g - 7 - 1 + v. Calculate d(6).
-1
Suppose 3*m = -a - 16, -4*a - 10 - 9 = 3*m. Let g = 1 + a. Let x(y) be the second derivative of y**4/12 + 7*y**2/2 + 4*y. What is x(g)?
7
Let v(r) = r**2 - 4*r - 6. Suppose -3*t - 2*t = 10. Let q be (1/t)/(2/(-116)). Suppose -2*w - 3*w + q = -x, 0 = -5*w + 3*x + 37. Determine v(w).
-1
Let j be (-13)/3 + 4/(-6). Let m = 3 - 1. Let s(w) = -4*w**3 + 1 + 2*w - 5*w**m + 0*w**3 + 1 + 3*w**3. Determine s(j).
-8
Let g(w) be the third derivative of -w**6/120 - w**5/60 + w**3/2 + w**2. Suppose -5*y = -2*i + 18 - 3, 3 = -5*i - y. Determine g(i).
3
Let u = 2 - 2. Let f(i) be the third derivative of 2/3*i**3 - 1/120*i**6 + 0*i**4 + 0*i + 0 + i**2 - 1/60*i**5. Calculate f(u).
4
Let x(s) = s + 2. Suppose -3*g - 7 = -2*g. Let f = 4 + g. Calculate x(f).
-1
Let f(x) be the second derivative of 1/12*x**4 - x + x**2 - 1/3*x**3 + 0. Let g(v) = -v - 8. Let t be g(-10). Determine f(t).
2
Suppose 3*p - p - 4*v + 16 = 0, 4*v = 3*p + 14. Let w(a) = -3*a + 4*a - p*a - 1 + 2*a. Determine w(4).
3
Let g(q) = -q + 2. Let s(f) = -f**3 + 10*f**2 - 9*f + 5. Let b be s(9). Suppose -4*p - 7 = -b*p. Suppose -3 - p = -2*m. Give g(m).
-3
Let y(g) be the third derivative of -g**6/15 - g**4/24 + g**3/6 + 7*g**2. Calculate y(1).
-8
Let h(c) = -c**3 + c + 4. Let b = 1 - 3. Let u be ((-1)/2*b)/(-1). Let d be u/(-2) - (-5)/(-10). Give h(d).
4
Let l be (-2 - -4)*(-11)/(-2). Suppose -5 = -3*x + v, x = -0*x - 2*v + l. Let m(g) = 0*g + x*g - 5*g**2 + 2*g**2 - 1. Give m(2).
-7
Let f(g) be the third derivative of g**5/60 - g**4/4 + g**3/2 + 2*g**2. Let c(w) = w**2 + 7*w + 3. Let d be c(-7). Determine f(d).
-6
Suppose 9 - 27 = -3*z. Let p(a) = 5*a**3 + 4*a**2 + 13*a + 5. Let m(k) = -14*k**3 - 11*k**2 - 38*k - 15. Let f(t) = z*m(t) + 17*p(t). Give f(-4).
-9
Let u(q) be the third derivative of q**4/24 + 2*q**3/3 - 5*q**2. Suppose 0 = 5*d - 7*d + 5*l - 23, 0 = d - 5*l + 19. What is u(d)?
0
Let x = -15 - -17. Let v(h) = -2*h + 3. What is v(x)?
-1
Let s(p) = -2*p**2 - 6*p - 3. Let c = 10 - 7. Let y(h) = 5*h**2 + 12*h + 7. Let x(k) = c*y(k) + 7*s(k). Calculate x(3).
-9
Let v(u) = 4*u**3 + 2*u - 2 - 3 - 3*u**3 - 4*u**2. Let j(g) = g**3 - 26*g**2 + 24*g + 29. Let y be j(25). Calculate v(y).
3
Let s(j) = j**2 - 10*j + 10. Let d = 16 - 9. Calculate s(d).
-11
Let c(u) = 3*u**2 + 5*u**2 + u**3 + 0*u**3 + 30 - 28 + u. What is c(-8)?
-6
Let s(h) = 1 + 3*h - 2*h - 3*h**2 + h**3 + 0*h**2. Let n = -19 + 11. Let b = n + 11. Determine s(b).
4
Let f(o) = 4*o**2 + 9*o + 8. Let q(j) = -j**2 - 2*j - 2. Let b(l) = 2*f(l) + 9*q(l). What is b(3)?
-11
Let q = 22 + -15. Let b = 4 - q. Let p(u) be the first derivative of u**3/3 + 5*u**2/2 + 3*u + 10. Calculate p(b).
-3
Let y(v) = -v**3 - 5*v**2 - 4*v. Let i be (5 + 1)*5/(-10). What is y(i)?
-6
Suppose 0 = 33*h - 35*h + 4. Let c(j) = 3*j - j**h + 2*j - 4*j + 1. Let n be (-2)/(-3)*-3 + 5. Give c(n).
-5
Let t = 1 - -2. Let w(b) = 2 + 3*b**2 - 7*b + b**t + 2 + b**2 + b. Determine w(-5).
9
Let m(o) = -o - 2. Let a be 9*1/(-1)*-1. Let s be (12/a + -2)*-3. Determine m(s).
-4
Let f(p) be the second derivative of -p**5/120 - p**4/12 - p**3/3 - 2*p. Let o(i) be the second derivative of f(i). Determine o(-1).
-1
Let s be (-2)/2 + (3 - 0). Let p be s/(64/(-34) + 2). Suppose v - r = 0, -13 - p = -3*v - 3*r. Let o(u) = u**3 - 5*u**2 + u - 4. Calculate o(v).
1
Let v(w) = w**3 + w**2 + w + 1. Let q(z) = 2*z**3 + 3*z**2 - 2*z - 1. Let l(p) = q(p) - v(p). What is l(-3)?
-2
Let b(l) = 7*l**2 - l + 3. Let q(d) = 6*d**2 - 2*d + 3. Let c(a) = 5*b(a) - 6*q(a). Determine c(6).
3
Let m = 16 + -24. Let x(g) = g**2 + 8*g. What is x(m)?
0
Let m be ((-6)/15*25/5)/2. Let c(d) = 5*d**2 + d. Calculate c(m).
4
Let j(k) = -4*k**3 + 5*k**2 - k - 3. Let v(y) = 5*y**3 - 6*y**2 + y + 4. Let c(b) = -6*j(b) - 5*v(b). Suppose 12 = 5*h + 2. What is c(h)?
-8
Let g(h) = 5*h - 4*h**3 + 3*h**3 + 3*h**3 - 2*h + 5. Let a = 4 + -3. Let u(n) = n**3 - n**2 + 1. Let t(d) = a*g(d) - 3*u(d). Calculate t(4).
-2
Let b(o) = o**2 + 5*o + 1. Let c be b(-5). Let h(d) = 4*d**3 + d**2. Let g be h(c). Let j(r) = -r - g*r**2 + 2 - r + 4*r**2. What is j(2)?
-6
Let n(t) be the second derivative of t**4/12 - 5*t**3/6 + 3*t**2 + t. Let v(d) = -2*d - 3. Let b be v(-4). Calculate n(b).
6
Let l(q) = q**3 + 4*q**2 - 4*q + 5. Let p be l(-5). Let i(o) = 3*o + 17. Let s(a) = 8*a + 49. Let r(h) = -11*i(h) + 4*s(h). Give r(p).
9
Let q = 21 - 9. Suppose -q = -4*x - 0. Let w(i) = -2 + 0*i**3 + 5*i**2 + 0*i**3 + i**x. Determine w(-5).
-2
Let c(w) = 8*w + 2. Let v = 14 + 3. Let n(q) = 23*q + 6. Let l(r) = v*c(r) - 6*n(r). Let b(u) = u**3 + 6*u**2 + u + 2. Let x be b(-6). What is l(x)?
6
Let l(v) = v**2 + 7*v - 2*v + 0*v**2 - 1 + 0*v**2. Determine l(-3).
-7
Suppose -2*v - 3 = m, m = -3*v - 2*v. Let d(u) = 4*u - v - 4*u - u - u. What is d(1)?
-3
Let s be 2 + -2*2*2. Let z(l) = -l - 5. Let u be z(s). Let j(b) = 13*b**3 - 5. Let v(k) = 12*k**3 - 4. Let f(i) = -4*j(i) + 5*v(i). Calculate f(u).
8
Let g(k) = k**2 - 4. Suppose 2*w - 14 = 4*y, 5*w - 22 = 5*y - 7. What is g(y)?
12
Let g = -11 + 8. Let w(b) = b**3 + 4*b**2 + 2*b - 4. Let i be w(g). Let o(h) be the third derivative of h**5/60 + h**4/12 + h**3/6 - h**2. Determine o(i).
0
Let p(v) = -v**3 - 4*v**2 - v + 2. Suppose -4*n + 7 + 15 = -3*s, -2*s + n - 8 = 0. What is p(s)?
-4
Let w be (-80)/(-24) - (-2)/(-6). Let d(u) = 38*u**w + 3*u**2 - 4*u - 37*u**3 - 1 + 0. Suppose f - 15 = 4*l, 0 = -2*l - 0*f - 2*f - 10. Give d(l).
-1
Let l = -3 - -3. Let m(d) = 0*d**2 - d**3 - d - 1 + d**2 + l. Determine m(-1).
2
Let t(j) = -j - 3. Let x be t(-5). Let v = 0 - x. Let h be (v - 0/2) + 0. Let p(i) = -2*i**3 - 4*i**2 - i + 2. Give p(h).
4
Let k(f) = 0 + 24*f + 2 - 18*f - 11*f. Determine k(2).
-8
Suppose 0 = 2*q - 4*c - 8, -3*c = -c + 4. Let n(a) = a**2 - 3. What is n(q)?
-3
Let y be (-6)/(-2) + -2 + 3. Let u = 0 + y. Let b(o) = -2*o. Determine b(u).
-8
Let n(z) = -z**2 + 4*z + 4. Let p = 29 - 34. Suppose 0*b + 17 = 2*b - v, -2*b = 3*v - 21. Let o = b + p. Calculate n(o).
4
Let x(f) = -9*f + 1. Let i = -81 - -82. Give x(i).
-8
Let g be 3/1*100/15. Suppose 6*f = f - g. Let x(o) = 2*o + 2. Determine x(f).
-6
Let x(f) = -2*f - 2. Let i(h) = h. Let c(d) = i(d) - x(d). What is c(2)?
8
Let w(g) = -2*g. Let q(h) = -h**3 + 7*h**2 + 8*h + 4. Let b be q(8). What is w(b)?
-8
Let z(b) be the third derivative of 13*b**5/60 - b**4/24 + b**3/6 + 14*b**2. Determine z(1).
13
Let t(b) be the first derivative of b**4/4 + 4*b**3/3 - b**2 - b - 45. Determine t(-4).
7
Let h(t) = t - 2. Suppose -6*a - 2*a = 24. Determine h(a).
-5
Suppose -4*u - 28 = 3*u. Let h(q) = 5*q - 2*q - q**3 - q**2 + 4 - 3*q**2. Determine h(u).
-8
Let u be (0 + -4 - -3)/1. Let l(d) = -3*d + 1 - d + 5*d. Determine l(